inder when 184952 is divided by 5265?
677
What is the remainder when 58346583 is divided by 23?
22
Calculate the remainder when 62626 is divided by 5621.
795
What is the remainder when 286932 is divided by 302?
32
Calculate the remainder when 3601660 is divided by 40467.
97
What is the remainder when 6106314 is divided by 328?
266
Calculate the remainder when 15756 is divided by 5445.
4866
What is the remainder when 18609866 is divided by 158?
152
What is the remainder when 39316913 is divided by 441?
440
What is the remainder when 6554160 is divided by 262165?
35
Calculate the remainder when 2936484 is divided by 277.
7
Calculate the remainder when 1026004 is divided by 1626.
1624
Calculate the remainder when 795224 is divided by 175.
24
Calculate the remainder when 6860088 is divided by 497.
494
Calculate the remainder when 2362985 is divided by 472570.
135
What is the remainder when 279896 is divided by 91668?
4892
Calculate the remainder when 8112881 is divided by 984.
785
What is the remainder when 185888 is divided by 1692?
1460
Calculate the remainder when 18533991 is divided by 99.
3
Calculate the remainder when 6690477 is divided by 54.
39
What is the remainder when 2691489953 is divided by 19?
18
What is the remainder when 749462 is divided by 328?
310
Calculate the remainder when 107742414 is divided by 35914132.
18
Calculate the remainder when 6437285 is divided by 1768.
1765
Calculate the remainder when 4891447 is divided by 40.
7
What is the remainder when 5528344 is divided by 404?
8
What is the remainder when 1360130831 is divided by 105?
101
What is the remainder when 111859 is divided by 4150?
3959
What is the remainder when 5031726 is divided by 209650?
126
What is the remainder when 36570603 is divided by 72?
3
What is the remainder when 30242717 is divided by 169?
167
What is the remainder when 5375356 is divided by 2758?
14
Calculate the remainder when 733732 is divided by 244552.
76
What is the remainder when 117706 is divided by 38358?
2632
What is the remainder when 33155 is divided by 1646?
235
Calculate the remainder when 204171 is divided by 3926.
19
What is the remainder when 11269233 is divided by 29?
7
What is the remainder when 23590 is divided by 244?
166
What is the remainder when 10148120 is divided by 8681?
31
What is the remainder when 9987876 is divided by 99876?
276
Calculate the remainder when 2521617 is divided by 4635.
177
What is the remainder when 541402 is divided by 3867?
22
Calculate the remainder when 35907466 is divided by 3264314.
12
What is the remainder when 244849 is divided by 2878?
219
Calculate the remainder when 14739036 is divided by 4912995.
51
Calculate the remainder when 3003165 is divided by 61.
13
Calculate the remainder when 7290259 is divided by 25.
9
What is the remainder when 7597223908 is divided by 253?
252
What is the remainder when 41153 is divided by 407?
46
Calculate the remainder when 398290055 is divided by 11.
9
Calculate the remainder when 201608977 is divided by 68.
61
Calculate the remainder when 4245 is divided by 1469.
1307
What is the remainder when 315326 is divided by 6854?
42
Calculate the remainder when 2130700 is divided by 432.
76
What is the remainder when 139839 is divided by 406?
175
Calculate the remainder when 101962 is divided by 33972.
46
Calculate the remainder when 547026918 is divided by 199.
196
What is the remainder when 938891 is divided by 57?
44
Calculate the remainder when 7356160 is divided by 229.
222
Calculate the remainder when 19357447 is divided by 1006.
1001
Calculate the remainder when 3884961 is divided by 375.
336
What is the remainder when 239518 is divided by 190?
118
Calculate the remainder when 525842 is divided by 383.
366
Calculate the remainder when 141047 is divided by 760.
447
What is the remainder when 7274719 is divided by 21?
4
What is the remainder when 594649 is divided by 4913?
176
What is the remainder when 65687 is divided by 8955?
3002
What is the remainder when 1219610 is divided by 406527?
29
Calculate the remainder when 300006797 is divided by 50001131.
11
What is the remainder when 13405892 is divided by 34?
32
What is the remainder when 3170826 is divided by 11244?
18
What is the remainder when 52417613 is divided by 37?
9
Calculate the remainder when 2570115 is divided by 2570039.
76
What is the remainder when 20722 is divided by 1122?
526
What is the remainder when 40923 is divided by 3669?
564
Calculate the remainder when 9247555 is divided by 505.
500
Calculate the remainder when 130184588 is divided by 159.
158
What is the remainder when 2987965 is divided by 17074?
15
What is the remainder when 9212380 is divided by 1985?
1980
Calculate the remainder when 33616265 is divided by 1258.
1247
What is the remainder when 657210 is divided by 65672?
490
Calculate the remainder when 56119 is divided by 125.
119
Calculate the remainder when 1625721 is divided by 325143.
6
Calculate the remainder when 262048 is divided by 107.
5
Calculate the remainder when 17270103 is divided by 836.
15
Calculate the remainder when 4347793 is divided by 817.
536
Calculate the remainder when 450256 is divided by 450215.
41
Calculate the remainder when 11825020 is divided by 202.
142
Calculate the remainder when 133229 is divided by 290.
119
What is the remainder when 538250 is divided by 3576?
1850
Calculate the remainder when 3580090 is divided by 1057.
31
What is the remainder when 38353 is divided by 3434?
579
Calculate the remainder when 2815897 is divided by 3091.
3087
Calculate the remainder when 1636225 is divided by 13866.
37
What is the remainder when 37742 is divided by 344?
246
What is the remainder when 1473599 is divided by 70169?
50
What is the remainder when 455033 is divided by 973?
642
Calculate the remainder when 139853 is divided by 69346.
1161
What is the remainder when 140088 is divided by 1548?
768
What is the remainder when 1701867 is divided by 262?
177
What is the remainder when 1194701 is divided by 385?
46
Calculate the remainder when 85311 is divided by 178.
49
What is the remainder when 79876 is divided by 125?
1
What is the remainder when 20165049 is divided by 1008252?
9
What is the remainder when 599032 is divided by 2445?
7
What is the remainder when 26583 is divided by 3345?
3168
What is the remainder when 2117185 is divided by 3823?
3066
Calculate the remainder when 1049109 is divided by 338.
295
Calculate the remainder when 97151 is divided by 283.
82
Calculate the remainder when 41109 is divided by 432.
69
What is the remainder when 3477291 is divided by 1631?
1630
Calculate the remainder when 175774 is divided by 1164.
10
What is the remainder when 3346293 is divided by 16086?
405
What is the remainder when 12649730 is divided by 172?
162
What is the remainder when 642361587 is divided by 795?
792
What is the remainder when 154631 is divided by 1246?
127
Calculate the remainder when 2275218 is divided by 108342.
36
What is the remainder when 839994 is divided by 9438?
12
Calculate the remainder when 244539 is divided by 17457.
141
Calculate the remainder when 330745 is divided by 82685.
5
What is the remainder when 9272547 is divided by 30?
27
Calculate the remainder when 1765032 is divided by 2507.
104
What is the remainder when 34829062 is divided by 569?
3
What is the remainder when 1304805 is divided by 186397?
26
Calculate the remainder when 3255370 is divided by 1085113.
31
What is the remainder when 179935451 is divided by 44983862?
3
What is the remainder when 211316 is divided by 154?
28
What is the remainder when 30662224 is divided by 1961?
28
What is the remainder when 99041 is divided by 373?
196
What is the remainder when 17027081 is divided by 52391?
6
Calculate the remainder when 241215 is divided by 129.
114
Calculate the remainder when 75952 is divided by 17624.
5456
What is the remainder when 152503 is divided by 76220?
63
Calculate the remainder when 17487 is divided by 3087.
2052
What is the remainder when 15853 is divided by 3142?
143
What is the remainder when 2493077 is divided by 2493063?
14
Calculate the remainder when 2214864 is divided by 2193.
2127
Calculate the remainder when 28816877 is divided by 260.
37
Calculate the remainder when 87552988 is divided by 